ed by k(8).
211
Let q be ((-4)/(-5))/((-1)/(-12800)*8). Suppose -21*g + 16*g - 5*s + 1605 = 0, 0 = -4*g - 3*s + q. Calculate the remainder when g is divided by 32.
29
Let g be -2*(-2)/4 + 1. Suppose -g*l + 4*k = 5*k - 55, l - 5*k - 22 = 0. What is the remainder when l is divided by 8?
3
Let w(b) = 2*b - 13. Let c(u) = -8*u + 178. Calculate the remainder when c(22) is divided by w(7).
0
Let w be (-2)/3 - (7 - 854/21). Suppose 2*l = 3*z + 94, l + 3*z = 32 + w. Calculate the remainder when 104 is divided by l.
51
Let j(g) = 14*g - 1 - 28*g + 13*g - 8. Let t be j(6). Let v = -8 - t. Calculate the remainder when v is divided by 6.
1
Let d(l) = -5*l**2 + 142*l + 568. Let h(y) = -3*y**2 + 95*y + 379. Let f(t) = 5*d(t) - 8*h(t). Calculate the remainder when f(-44) is divided by 16.
8
Let i be 3 + (4/3)/((-96)/(-2952)). Let v = i - 28. What is the remainder when v is divided by 4?
0
Suppose 4*t + 308 = 5*o, -395*o = -391*o + 3*t - 234. Calculate the remainder when 114 is divided by o.
54
Suppose -5*a + 2*a = 5*d + 465, -3*d = -5*a - 775. What is the remainder when 45 is divided by (-1953)/a + (-6)/10?
9
Let l(k) = 8*k + 2. Let u be l(1). Suppose 6*f - u - 68 = 0. Let y = -454 - -530. Calculate the remainder when y is divided by f.
11
Let z(b) = -2*b**3 + 12*b**2 - 9*b. Let k = -4 - -16. What is the remainder when (k/7)/(2/7) is divided by z(5)?
1
Let r(w) = -137*w + 1. Let z be r(-1). Let f = -2703 - -2708. Suppose -f*t - z = -5*p - 33, 0 = 2*t - 6. Calculate the remainder when 69 is divided by p.
21
Let d(t) = 66*t + 2192. Calculate the remainder when 424 is divided by d(-32).
24
Let z = -1 + 2. Suppose y + z = 9. Calculate the remainder when 28/8 - 309*(-26)/156 is divided by y.
7
Suppose 983385 = 344*c - 139*c. Calculate the remainder when c is divided by 10.
7
Let l be (1 + (-1)/1)/2. Let b = 41 + l. Suppose 37 = 2*n + 5*y, 2*n - 11*y = -6*y - 13. Calculate the remainder when b is divided by n.
5
Let z(u) be the second derivative of 5*u**4/12 - 7*u**3/6 + 39*u**2 - 20*u - 2. Calculate the remainder when z(8) is divided by 43.
41
Let b(q) = q**3 + 14*q**2 - 21*q - 1. Calculate the remainder when 4803 is divided by b(-15).
86
Let x = -55 + 189. Suppose -2*i = 4*l + 1094, -669 - 715 = 5*l - 3*i. Let f = 302 + l. Calculate the remainder when x is divided by f.
26
Let d(j) = 229*j - 2203. Calculate the remainder when 3709 is divided by d(15).
13
Suppose 2*g + 18 = -3*m, 4*g - 5*m + 2*m = 0. Let i(z) = z**3 + 14*z**2 + 23*z. Calculate the remainder when i(g) is divided by 18.
12
Let q be 56/42 - (-825)/9. Suppose -91*p + q*p - 30 = 0. What is the remainder when 58 is divided by p?
13
What is the remainder when 908 is divided by ((-20)/20)/(4/(-380))?
53
Let y be (-9)/((9/(-8))/3). What is the remainder when (y/(-16)*2)/((-3)/122) is divided by 5?
2
Let r be 5 - -2 - 3 - 18. Let d = r + 56. Let i = d + 19. What is the remainder when i is divided by 9?
7
Let x(s) = s**3 - 10*s**2 + s - 5. Let a be x(10). Suppose -a - 19 = 8*t. Calculate the remainder when 20 is divided by (-38)/t + 13/((-234)/12).
8
Let h(d) = 106*d + 332. Calculate the remainder when 137 is divided by h(-3).
11
Suppose 4*t - 5*f = 0, t + 3*f + 2 = 19. Suppose 0*i = i + 4*l - 86, -t*l = 10. Suppose 0 = 95*q - i*q - 33. Calculate the remainder when 127 is divided by q.
28
Suppose 3*q = -4*n + 47, -2*n - 3*q = -0*n - 25. Suppose 4 = -2*z - 6, -2*z - 20 = -5*h. What is the remainder when (-6272)/(-208) - h/13 is divided by n?
8
Calculate the remainder when (0 - (-2)/(-2)) + (597 - 234) is divided by 120.
2
Calculate the remainder when 3417 + -115*(-5)/25 is divided by 53.
48
Let o = -3604 + 3613. What is the remainder when 2300 is divided by o?
5
Let m = -4191 + 4208. What is the remainder when 17 is divided by m?
0
Suppose -2*i = -5*k + 35, 24 - 95 = 5*i + 4*k. Calculate the remainder when 100 is divided by 1 + 25/i + (-208)/(-6).
32
Let d = 33 + -23. Let w = 16 - d. Calculate the remainder when -2*1/(-2) + 22 is divided by w.
5
Suppose 3*k = -n - 12, 14 = -0*n - 2*n - 4*k. Suppose 5*f + n*g + 15 + 15 = 0, -2*g - 1 = -3*f. What is the remainder when f + 26 + (0 - 4) is divided by 10?
9
Let t = 82 - 79. Suppose 2*f = 4*b + 164, 0 = t*f + 2*f - 3*b - 396. What is the remainder when f is divided by 12?
6
Calculate the remainder when ((-5)/(-10))/((126/(-4692))/(-21)) is divided by 177.
37
What is the remainder when 170 is divided by (9450/(-280))/((-20)/96)?
8
Suppose -2*d - 28 = -38, -a + 4*d - 3 = 0. Let f = -205 + 322. What is the remainder when f is divided by a?
15
Let r = 2152 - 1948. Calculate the remainder when r is divided by 102.
0
Suppose -31 + 18 = -3*d + 4*i, d + 2 = -5*i. Suppose o - 31 = -2*r, -d*o + 11*r - 6*r + 71 = 0. What is the remainder when 215 is divided by o?
26
Let s(l) = -40*l - 2275. Calculate the remainder when 279 is divided by s(-58).
9
Let d = -8185 - -8528. Calculate the remainder when d is divided by 69.
67
Suppose 265*a - 558 = 256*a. Calculate the remainder when 1113 is divided by a.
59
Let k(v) = -8*v + 195. Let s be k(24). Let m = -5 + 10. Suppose -m*o + 260 = 4*u, 4*o - s*u - 2*u - 208 = 0. What is the remainder when 205 is divided by o?
49
Calculate the remainder when -88*(12 + (-74)/2) is divided by 38.
34
Let i = -95 - -86. Suppose 3*x = -2*k + 65, x - 11 = 2*k - 0. Calculate the remainder when x is divided by ((-60)/(-80))/(i/(-8))*6.
3
Suppose -1213316 = 6*h - 1213856. Calculate the remainder when h is divided by 6*(-2)/((-12)/14).
6
Suppose 27*c + 137*c - 5412 = 0. Calculate the remainder when 6201 is divided by c.
30
Suppose 2*t - 3*j + 103 = 332, 4*j - 180 = -2*t. What is the remainder when 623 is divided by t?
103
What is the remainder when 243 is divided by (18/45 - (-6)/(-30)) + (-168)/(-10)?
5
Let v be (-72 + 69)/((-6)/(-8)). What is the remainder when 83 is divided by (v/7)/(3/(-63))?
11
Suppose -5*d + 52 = -3*i, 283*i = -2*d + 273*i + 88. Calculate the remainder when 818 is divided by d.
6
Calculate the remainder when 5028 is divided by 2/(-10)*(-278 + 228).
8
Suppose 4*m - 3*i - 190 = 0, 62*m + i = 60*m + 80. What is the remainder when 105 is divided by m?
19
Let q(p) = 3*p**2 + 3*p + 4. Suppose 9*v + 168 = 5*v. Let c = 61 + v. What is the remainder when c is divided by q(-2)?
9
Let k be (1 - -1)*(10 + -6)/8. Calculate the remainder when 0 - -26*5 - (-1 - k) is divided by 34.
30
Let c(u) = 22*u + 4. Let s be c(2). Let m = s - 35. Suppose 0 = -x + 10 + m. Calculate the remainder when x is divided by 8.
7
Let b = -65 - -67. Suppose -a - b*o + 12 = 0, -a + 8 = o - 1. Calculate the remainder when 609/a + 1/(-2) is divided by 52.
49
Let r(q) = 13*q - 6. Let n be r(4). Suppose 10*i + 26*i + 432 = 0. What is the remainder when 13 is divided by n/4 - i/(-8)?
3
Calculate the remainder when -5 + 4/12*2517 is divided by 405.
24
Suppose -5*u + 2*y = -10*u + 235, -u = -2*y - 47. Calculate the remainder when u is divided by -2 - 2/(2/(-9)).
5
Let f(g) = 7*g**3 - 5*g**2 + 10*g + 8. Let n(p) = 15*p**3 - 11*p**2 + 22*p + 17. Let h(v) = -9*f(v) + 4*n(v). What is the remainder when h(-3) is divided by 31?
30
Suppose -2*l = -5*l + 81. Calculate the remainder when -8 + (1 - -6) + -12 + 170 is divided by l.
22
Let o(w) = -w**2 - 11*w - 21. Let q be o(-3). Suppose u = 3*a - 488, 0 = q*u - 11 - 1. What is the remainder when a is divided by 84?
80
Let n(b) = -2*b + 47. Suppose 155 + 5 = 4*h. Suppose -h = -20*a + 16*a. Calculate the remainder when n(6) is divided by a.
5
Let j(v) = -22*v**2 - 211*v + 139. Calculate the remainder when 35963 is divided by j(-10).
46
Let y(j) be the third derivative of -j**5/60 - 2*j**4 - 14*j**3/3 - 4*j**2 + 6*j. Calculate the remainder when y(-45) is divided by 48.
11
Suppose -30 = -b + 36. Let l = -8952 - -8957. What is the remainder when b is divided by l?
1
Suppose 60*j - 736 = 164. What is the remainder when 414 is divided by j?
9
Suppose 41*l - 66096 = -11*l - 16*l. Calculate the remainder when l is divided by 31.
11
Suppose -3*z - 168 = 3*f - 6*f, 5*f = -2*z + 245. Let p(o) = 6*o - 1. Let n be p(1). Suppose -2*w - 81 = -n*w. What is the remainder when f is divided by w?
24
Suppose -13*j = -10*j + t - 5598, 0 = 5*t. Calculate the remainder when j is divided by 13.
7
Let y(c) = -12 + 7 - 10 - 4 - 17*c. Calculate the remainder 